ed by 2549.
2548
What is the remainder when 4947175 is divided by 347?
343
Calculate the remainder when 4947 is divided by 355.
332
Calculate the remainder when 22085 is divided by 3124.
217
Calculate the remainder when 43926 is divided by 21416.
1094
Calculate the remainder when 1454219 is divided by 2700.
1619
Calculate the remainder when 194859978 is divided by 49.
12
What is the remainder when 1196778 is divided by 10226?
336
What is the remainder when 110658925 is divided by 79?
70
Calculate the remainder when 35519544 is divided by 289.
288
Calculate the remainder when 16760013 is divided by 36.
33
Calculate the remainder when 2456597 is divided by 5261.
4971
What is the remainder when 153082 is divided by 19112?
186
Calculate the remainder when 4990378 is divided by 11936.
1130
What is the remainder when 24240492 is divided by 46?
10
What is the remainder when 14061045 is divided by 206780?
5
What is the remainder when 6311 is divided by 1098?
821
Calculate the remainder when 1558532 is divided by 53.
14
Calculate the remainder when 82421 is divided by 331.
2
Calculate the remainder when 1642835 is divided by 126340.
415
What is the remainder when 603783 is divided by 2862?
2763
What is the remainder when 20056562 is divided by 2020?
2002
What is the remainder when 22775972 is divided by 204?
188
What is the remainder when 18050 is divided by 461?
71
What is the remainder when 2055573 is divided by 130?
13
What is the remainder when 2757598 is divided by 86?
8
What is the remainder when 2363707 is divided by 2363601?
106
Calculate the remainder when 2942193 is divided by 980729.
6
Calculate the remainder when 8815307 is divided by 70.
67
Calculate the remainder when 1598535 is divided by 799220.
95
Calculate the remainder when 590673 is divided by 876.
249
What is the remainder when 8258064 is divided by 4?
0
Calculate the remainder when 1016010 is divided by 169289.
276
What is the remainder when 953404 is divided by 3299?
3292
What is the remainder when 39558 is divided by 37509?
2049
What is the remainder when 375281 is divided by 417?
398
Calculate the remainder when 30557364 is divided by 149.
146
What is the remainder when 1975117 is divided by 658360?
37
What is the remainder when 157476 is divided by 39180?
756
Calculate the remainder when 981987 is divided by 51683.
10
What is the remainder when 121711 is divided by 957?
172
What is the remainder when 251717 is divided by 151?
0
What is the remainder when 852340 is divided by 772?
52
What is the remainder when 30266443 is divided by 2477?
2457
Calculate the remainder when 3420768 is divided by 310954.
274
What is the remainder when 729312 is divided by 60721?
660
Calculate the remainder when 42342 is divided by 42064.
278
What is the remainder when 2266191 is divided by 1271?
1269
Calculate the remainder when 12911683 is divided by 50240.
3
Calculate the remainder when 4424886614 is divided by 6376.
6374
What is the remainder when 1592392 is divided by 398082?
64
What is the remainder when 75612046 is divided by 3583?
3580
Calculate the remainder when 56392278 is divided by 1241.
1238
Calculate the remainder when 973331 is divided by 243289.
175
What is the remainder when 54550935 is divided by 88?
87
What is the remainder when 561859 is divided by 332?
115
What is the remainder when 982799 is divided by 744?
719
Calculate the remainder when 8407947 is divided by 15041.
28
What is the remainder when 7510344 is divided by 50?
44
What is the remainder when 12230813 is divided by 263?
261
What is the remainder when 2850777 is divided by 26639?
404
What is the remainder when 264632 is divided by 906?
80
Calculate the remainder when 631614 is divided by 210535.
9
Calculate the remainder when 2816890 is divided by 2816797.
93
What is the remainder when 693264 is divided by 15?
9
What is the remainder when 3139 is divided by 1543?
53
Calculate the remainder when 57937 is divided by 673.
59
Calculate the remainder when 503060 is divided by 83803.
242
Calculate the remainder when 148700 is divided by 1583.
1481
What is the remainder when 664146 is divided by 221362?
60
What is the remainder when 1457566 is divided by 216?
214
What is the remainder when 422482 is divided by 4?
2
Calculate the remainder when 131882 is divided by 759.
575
Calculate the remainder when 192753800 is divided by 528.
8
Calculate the remainder when 1834248 is divided by 588.
276
What is the remainder when 1557944 is divided by 149?
0
What is the remainder when 6618013 is divided by 245086?
691
Calculate the remainder when 283467285 is divided by 26.
23
What is the remainder when 1438575 is divided by 239761?
9
Calculate the remainder when 87630 is divided by 7301.
18
What is the remainder when 2491474 is divided by 162?
76
Calculate the remainder when 5292353 is divided by 23212.
17
Calculate the remainder when 1567547 is divided by 6029.
7
What is the remainder when 1142911 is divided by 285236?
1967
Calculate the remainder when 545526 is divided by 2166.
1860
Calculate the remainder when 34862655 is divided by 106.
103
What is the remainder when 29916197 is divided by 21?
17
Calculate the remainder when 39614 is divided by 1015.
29
Calculate the remainder when 55011 is divided by 1022.
845
What is the remainder when 2508038 is divided by 39780?
1898
What is the remainder when 23637083 is divided by 1199?
1196
Calculate the remainder when 694493 is divided by 694469.
24
What is the remainder when 2471809 is divided by 823920?
49
Calculate the remainder when 104794172 is divided by 143948.
28
What is the remainder when 1639567 is divided by 8721?
19
What is the remainder when 10729499 is divided by 32?
27
Calculate the remainder when 15935 is divided by 18.
5
What is the remainder when 13014479 is divided by 24?
23
What is the remainder when 51641047 is divided by 25?
22
Calculate the remainder when 2405664 is divided by 15.
9
Calculate the remainder when 74420 is divided by 14550.
1670
What is the remainder when 1893075572 is divided by 62?
60
Calculate the remainder when 15569079 is divided by 726.
9
Calculate the remainder when 334008 is divided by 5474.
94
What is the remainder when 2948089 is divided by 1710?
49
Calculate the remainder when 5249276 is divided by 1942.
50
Calculate the remainder when 4767389 is divided by 1403.
1398
Calculate the remainder when 23216983 is divided by 30.
13
What is the remainder when 119581845 is divided by 58?
55
Calculate the remainder when 200609 is divided by 15427.
58
What is the remainder when 8715408 is divided by 126309?
87
What is the remainder when 2374090 is divided by 593514?
34
What is the remainder when 316391 is divided by 105447?
50
Calculate the remainder when 9254760 is divided by 5.
0
What is the remainder when 2219362 is divided by 108?
70
Calculate the remainder when 6226291 is divided by 1245254.
21
Calculate the remainder when 106019560 is divided by 990837.
1
Calculate the remainder when 255499950 is divided by 31937492.
14
Calculate the remainder when 461818 is divided by 253.
93
What is the remainder when 3840116 is divided by 195?
176
Calculate the remainder when 93529 is divided by 10703.
7905
What is the remainder when 6018887 is divided by 5995?
5902
What is the remainder when 231704 is divided by 114823?
2058
What is the remainder when 461781 is divided by 619?
7
Calculate the remainder when 82893497 is divided by 1039.
1038
Calculate the remainder when 199391 is divided by 871.
803
Calculate the remainder when 31892019 is divided by 244.
243
Calculate the remainder when 266500 is divided by 77.
3
Calculate the remainder when 1859177324 is divided by 15.
14
What is the remainder when 113798202 is divided by 754?
752
What is the remainder when 11205 is divided by 10480?
725
Calculate the remainder when 5908734 is divided by 10403.
10233
What is the remainder when 4470697 is divided by 194?
161
Calculate the remainder when 113925 is divided by 2921.
6
Calculate the remainder when 272126 is divided by 40.
6
What is the remainder when 12680 is divided by 200?
80
Calculate the remainder when 195204 is divided by 48548.
1012
Calculate the remainder when 40973 is divided by 1171.
1159
Calculate the remainder when 78137059 is divided by 21.
7
Calc